visor of q and 9.
9
Let k = 35 + -18. Let l = k - -13. What is the greatest common divisor of 6 and l?
6
Let a = -6 - -6. Suppose a*f - 5*f + 20 = 0. Suppose 0 = 3*y - 15, -2*y = -4*t - f*y + 130. What is the highest common factor of 10 and t?
10
Let v = -89 - -101. Calculate the highest common divisor of 96 and v.
12
Let g = 4 - 4. Let p = 42 - g. Let a(h) = -19*h - 13. Let q be a(-4). Calculate the highest common factor of q and p.
21
Let r be ((-154)/21)/(2/(-72)). Calculate the greatest common divisor of 33 and r.
33
Suppose 5*o - 8 = 2. Suppose -3*x + 15 = o*x. Let l = -7 - -28. What is the greatest common divisor of x and l?
3
Suppose 4*n = 3*k - 21, 4*k - n - 21 = 2*n. Suppose 4*q = k*z + 208, -45 = -q - 3*z + 22. What is the highest common divisor of 5 and q?
5
Let g be 2 + (12 - (-4)/(-2)). Calculate the highest common factor of 156 and g.
12
Let m(v) = -23*v + 0 + 2*v - 2 - 7. Let s(f) = -10*f - 4. Let i(l) = -4*m(l) + 9*s(l). Let w be i(-5). Calculate the greatest common factor of w and 12.
6
Let r(z) = 6*z - 2. Let u be r(2). Suppose -5*q = -0 - u. Let j be 4/2*5*q. What is the highest common divisor of j and 8?
4
Let n be 1209/9 - (-2)/(-6). Suppose 0 = 3*a - n - 118. Calculate the highest common divisor of 12 and a.
12
Suppose -4*v = -8, -v + 5*v + 22 = 2*k. Calculate the highest common factor of 30 and k.
15
Let z(y) = -y**2 + 11*y - 8. Suppose 5*s - 26 - 24 = 0. Let t be z(s). Let l = -22 + 32. Calculate the greatest common factor of t and l.
2
Suppose -11 = -2*v + 5. Calculate the highest common divisor of v and 4.
4
Let w be ((-51)/(-3))/1 - 3. Suppose 3*v = -2*v + 350. What is the greatest common factor of w and v?
14
Let o = 264 + -64. Calculate the greatest common divisor of o and 25.
25
Let b = -360 + 811. Suppose 3*x - x = -3*d + b, 2*d = 5*x + 326. Let f(m) = 18*m**2 + 2*m + 1. Let o be f(-1). What is the highest common factor of o and d?
17
Let r(l) = l**3 + 9*l**2 - 11*l + 5. Let a be r(-10). What is the highest common factor of a and 60?
15
Suppose 2*t - 4*t + 4 = 0. Suppose 0 = -3*d + 77 + 1591. Let l be d/14 - t/(-7). Calculate the greatest common divisor of 10 and l.
10
Suppose 5*z - 4*q = 27 + 31, -5*z - 3*q = -44. Let k be 416/z - (-4)/10. Calculate the highest common factor of 14 and k.
14
Suppose 6*u - 16 - 32 = 0. What is the highest common divisor of u and 8?
8
Let p = -92 + 97. What is the greatest common divisor of p and 75?
5
Let a be (2 - 4) + 60/3. Suppose -162 = -5*h + a. Suppose o - h = -o. What is the highest common factor of 6 and o?
6
Let j = 15 + -49. Let u = j - -82. Calculate the greatest common factor of 6 and u.
6
Let k be 2/((-1)/6*-3). Suppose y = k*y - 18. Calculate the greatest common factor of y and 6.
6
Let l = 11 + -8. Suppose -4*h - l = -2*s - 11, 5*s - 28 = -2*h. What is the greatest common factor of h and 36?
4
Let k be 10/(-4)*(-32)/20. Suppose -7*d + 18 = -k*d. Suppose -2*u + 72 = -2*j, 3*u + d*j = j + 140. Calculate the highest common divisor of u and 20.
20
Let w(o) = -o**3 - o**2 + o + 90. Let a be w(0). Calculate the greatest common factor of a and 10.
10
Let i = 8 - -26. Calculate the highest common divisor of i and 85.
17
Let q(s) = -s**2 - 2 + s - 1 + 57*s**3 + 2. Let m(u) = u - 9. Let v be m(10). Let j be q(v). Calculate the highest common factor of 7 and j.
7
Let p(k) = -3*k + 6. Suppose 5*l - 2*l = -3*q - 18, q - 3*l = -14. Let f be p(q). What is the greatest common divisor of f and 12?
6
Suppose 15 - 19 = -q. Suppose -4*f + 123 = -g + 2*g, 48 = 2*f - q*g. Calculate the greatest common divisor of f and 10.
10
Suppose j - 80 = 3*k - 0*k, -k = 2*j - 160. Let z = 35 - j. Let l = z - -135. What is the greatest common divisor of l and 18?
18
Suppose -27 = -3*b + 54. Let v = 19 + -16. What is the greatest common divisor of v and b?
3
Let o = 10 + -7. Suppose 3*y + 4*i = 21, 0*y - 3*i = y - 12. Let g = 30 - y. Calculate the greatest common divisor of g and o.
3
Let i = 38 - 16. Calculate the greatest common factor of i and 66.
22
Let g(m) = -9*m + 3. Let t be g(-8). Suppose 2*z = -z + k + t, -102 = -4*z + 2*k. What is the greatest common divisor of z and 8?
8
Let d(p) = -4*p + 2*p**2 + 0*p**2 - 3*p**2. Let j be d(-2). Suppose 3*s + 520 = 7*s + j*h, 5*s = 4*h + 695. Calculate the greatest common divisor of s and 15.
15
Let n be 6/(-27) - 222/(-27). Suppose -p = 3*p + n. Let u be (-2 + 3/p)*-10. Calculate the highest common divisor of u and 5.
5
Let v = -13 + 17. Let x = -2 - -5. Suppose -4 = -x*q - q. Calculate the highest common factor of v and q.
1
Let v(r) = -r**2 + 7*r + 8. Let o be v(5). What is the highest common divisor of 306 and o?
18
Suppose 260 = 2*j - 118. What is the greatest common divisor of j and 21?
21
Let s be 5/(5/18)*(-6)/(-9). What is the highest common divisor of s and 9?
3
Suppose 3*i - 174 = -24. Calculate the greatest common divisor of 10 and i.
10
Let p = 8 - 6. Let g be 3 - 1 - -29*1. Suppose 41 + g = 4*d. What is the greatest common factor of p and d?
2
Let b(s) = s**3 + 7*s**2 + 5*s - 12. Let y be b(-6). Let k be -2 - y - 14*-1. What is the greatest common divisor of 6 and k?
6
Let x be (-4)/(-2) + 2 + 3. Suppose 3*m = 2*m + 4. Suppose -2*k + x = m*o - 5, -k - 6 = -o. Calculate the greatest common divisor of 28 and o.
4
Let l be 0 + 20*(4 - 16/5). What is the highest common divisor of l and 176?
16
Let q(o) = -o. Let k be q(-2). Suppose 3*h + 2*n - 54 = -h, -5*n = -k*h + 45. What is the greatest common factor of h and 10?
5
Let i(f) = f**2 + 6*f + 5. Let b be i(-5). Let w = 0 + b. Suppose a + 2*a - 99 = w. Calculate the highest common factor of a and 22.
11
Suppose -5*k + 3*k + 2*v = -26, -3*k - 5*v + 39 = 0. Let g = -207 - -94. Let w = g - -217. What is the greatest common factor of k and w?
13
Let n = 4 - 0. Suppose 0*s - s = 0. Let g = s - -20. Calculate the highest common factor of n and g.
4
Let c be ((-3)/(-6))/((-1)/(-2)). Calculate the greatest common factor of c and 2.
1
Let d = 10 - 7. Let t be (2 + 2)*d/6. Suppose -t*l - 3*x + 192 = -0*l, -4*l + 380 = 5*x. Calculate the greatest common divisor of l and 18.
18
Suppose 0 = 7*v + 8 - 85. Let x = 4 - -117. What is the greatest common factor of x and v?
11
Suppose -3*j = 4*o - 37, 3*o - 21 = -3*j + 9. Let u(i) = -i**2 - i + 7. Let g be u(0). What is the highest common factor of g and o?
7
Let y = 112 + -58. What is the greatest common divisor of 6 and y?
6
Suppose 2*c + 0 = -v - 3, -4*v = 3*c - 8. What is the greatest common factor of v and 95?
5
Suppose 6 = 2*w + c, 4*w + 6*c - 8 = 3*c. Suppose -15 = w*s, -5*k - 2*s + 13 + 371 = 0. What is the highest common divisor of k and 13?
13
Let h = 7 + -3. Suppose 7 - 83 = -2*w + h*f, 0 = 3*w + f - 149. What is the greatest common factor of w and 12?
12
Suppose j + 70 = 4*f, -2*f - 3*f + 87 = -j. Suppose f - 119 = -r. Suppose 2*t - r = q, -4*t + 59 + 133 = 4*q. Calculate the highest common divisor of 20 and t.
10
Let b be 585/(-25) + 3/(-5). Let n = 34 + b. What is the highest common factor of 5 and n?
5
Let s(v) = 2*v + 4. Let q be s(11). What is the highest common factor of 52 and q?
26
Let k = 0 - 7. Let v = 6 - k. Suppose l + 2*q = q + v, -2*q = -8. Calculate the highest common factor of l and 9.
9
Let u be 0 - -77 - (-1 + 3). Let z = -49 + u. Let j be (-12)/20*-5 + 62. Calculate the greatest common divisor of z and j.
13
Suppose 2*a - 20 + 10 = 0. What is the highest common factor of 1 and a?
1
Suppose 4*c = 2*c + 14. Suppose 2*a - c = -3. Suppose a = 5*x - 488. Calculate the greatest common factor of x and 14.
14
Suppose -120 = -0*l - 4*l. Calculate the greatest common factor of l and 6.
6
Let h(s) = -23*s - 2. Suppose -3*i + 5*n - 37 = 0, -i + 11 = -0*n + 3*n. Let p be h(i). Calculate the highest common factor of 30 and p.
30
Suppose m - 4*x - 12 = 0, m - 4*x - 30 = -6*x. What is the highest common factor of 40 and m?
8
Suppose 3*c + 3*c = 180. Calculate the highest common divisor of 6 and c.
6
Suppose -3*l + 94 + 17 = 0. What is the greatest common factor of 333 and l?
37
Let f(d) = d**2 - 13*d + 33. Let v be f(11). What is the greatest common divisor of v and 55?
11
Let t = 44 - 24. Suppose -13 = -3*j + 29. Let h be (-60)/(-14) - 4/j. Calculate the highest common divisor of h and t.
4
Suppose 5*n = 4*r - 250, 0 = 3*r - 4*r + 5. Let c = n +